igit of 338225?
8
What is the tens digit of 21087019?
1
What is the thousands digit of 48060?
8
What is the tens digit of 159799?
9
What is the units digit of 3139863?
3
What is the ten thousands digit of 411521?
1
What is the ten thousands digit of 169277?
6
What is the hundreds digit of 279000?
0
What is the millions digit of 1503035?
1
What is the units digit of 6374038?
8
What is the units digit of 294255?
5
What is the ten thousands digit of 1936816?
3
What is the tens digit of 3031152?
5
What is the ten thousands digit of 23303737?
0
What is the tens digit of 7319129?
2
What is the tens digit of 1745786?
8
What is the ten thousands digit of 837260?
3
What is the ten thousands digit of 88810?
8
What is the units digit of 367295?
5
What is the hundreds digit of 2063883?
8
What is the millions digit of 10643468?
0
What is the hundreds digit of 15876597?
5
What is the tens digit of 480995?
9
What is the ten thousands digit of 463595?
6
What is the hundreds digit of 220927?
9
What is the units digit of 622555?
5
What is the thousands digit of 248623?
8
What is the thousands digit of 542607?
2
What is the thousands digit of 6436430?
6
What is the thousands digit of 119173?
9
What is the hundreds digit of 1749680?
6
What is the thousands digit of 13117372?
7
What is the thousands digit of 1465870?
5
What is the hundred thousands digit of 6603626?
6
What is the units digit of 1604653?
3
What is the thousands digit of 208332?
8
What is the ten thousands digit of 168660?
6
What is the thousands digit of 75149?
5
What is the hundreds digit of 32408?
4
What is the hundreds digit of 590501?
5
What is the ten thousands digit of 198316?
9
What is the hundreds digit of 4035229?
2
What is the units digit of 264463?
3
What is the hundred thousands digit of 1284329?
2
What is the tens digit of 48155?
5
What is the units digit of 626560?
0
What is the thousands digit of 222421?
2
What is the units digit of 317128?
8
What is the millions digit of 1071229?
1
What is the hundred thousands digit of 4753681?
7
What is the hundred thousands digit of 1286396?
2
What is the units digit of 57122?
2
What is the ten thousands digit of 153233?
5
What is the hundred thousands digit of 236906?
2
What is the units digit of 23265627?
7
What is the tens digit of 3956766?
6
What is the millions digit of 7337476?
7
What is the units digit of 403730?
0
What is the hundred thousands digit of 757115?
7
What is the hundreds digit of 2812003?
0
What is the ten thousands digit of 87452?
8
What is the units digit of 26591783?
3
What is the hundred thousands digit of 313618?
3
What is the tens digit of 60393?
9
What is the units digit of 775818?
8
What is the tens digit of 7423816?
1
What is the tens digit of 42383?
8
What is the hundred thousands digit of 4972311?
9
What is the hundred thousands digit of 2369069?
3
What is the thousands digit of 2680068?
0
What is the hundreds digit of 172446?
4
What is the hundred thousands digit of 946743?
9
What is the hundreds digit of 10822720?
7
What is the tens digit of 205055?
5
What is the millions digit of 1178391?
1
What is the hundred thousands digit of 8971415?
9
What is the millions digit of 10958336?
0
What is the millions digit of 3150137?
3
What is the hundreds digit of 12634958?
9
What is the thousands digit of 668128?
8
What is the thousands digit of 83024?
3
What is the ten millions digit of 15769543?
1
What is the hundreds digit of 1132899?
8
What is the thousands digit of 181662?
1
What is the hundred thousands digit of 645145?
6
What is the thousands digit of 25998964?
8
What is the hundred thousands digit of 239318?
2
What is the tens digit of 275794?
9
What is the tens digit of 278687?
8
What is the millions digit of 14039133?
4
What is the thousands digit of 2962693?
2
What is the hundred thousands digit of 6648739?
6
What is the thousands digit of 405179?
5
What is the thousands digit of 261953?
1
What is the ten thousands digit of 7195686?
9
What is the units digit of 391894?
4
What is the hundred thousands digit of 5179271?
1
What is the ten thousands digit of 3280669?
8
What is the thousands digit of 220264?
0
What is the tens digit of 6635538?
3
What is the units digit of 573992?
2
What is the thousands digit of 553891?
3
What is the hundred thousands digit of 12139134?
1
What is the millions digit of 16641343?
6
What is the thousands digit of 5659847?
9
What is the hundreds digit of 21319725?
7
What is the units digit of 108879?
9
What is the tens digit of 1038544?
4
What is the hundreds digit of 5714587?
5
What is the thousands digit of 28643?
8
What is the thousands digit of 1316312?
6
What is the millions digit of 10037851?
0
What is the units digit of 2387806?
6
What is the hundreds digit of 949011?
0
What is the thousands digit of 4696662?
6
What is the units digit of 74173?
3
What is the hundreds digit of 1055414?
4
What is the units digit of 97872?
2
What is the hundred thousands digit of 1085525?
0
What is the millions digit of 13093012?
3
What is the ten thousands digit of 14669959?
6
What is the hundreds digit of 7124951?
9
What is the ten millions digit of 13412962?
1
What is the tens digit of 322961?
6
What is the tens digit of 891628?
2
What is the ten millions digit of 13429126?
1
What is the hundreds digit of 1821203?
2
What is the tens digit of 347645?
4
What is the thousands digit of 204492?
4
What is the ten thousands digit of 10135045?
3
What is the thousands digit of 1854290?
4
What is the tens digit of 483502?
0
What is the ten thousands digit of 178189?
7
What is the units digit of 5616833?
3
What is the tens digit of 411141?
4
What is the hundreds digit of 3637453?
4
What is the hundred thousands digit of 721836?
7
What is the hundreds digit of 11395807?
8
What is the hundreds digit of 1646426?
4
What is the ten millions digit of 18166307?
1
What is the units digit of 360884?
4
What is the ten thousands digit of 466655?
6
What is the thousands digit of 3150185?
0
What is the ten thousands digit of 4206667?
0
What is the hundreds digit of 3863426?
4
What is the millions digit of 1919401?
1
What is the millions digit of 9431938?
9
What is the ten thousands digit of 5296262?
9
What is the ten thousands digit of 2628403?
2
What is the units digit of 903282?
2
What is the hundred thousands digit of 670750?
6
What is the ten thousands digit of 531868?
3
What is the units digit of 584513?
3
What is the ten millions digit of 14182304?
1
What is the thousands digit of 10566200?
6
What is the hundreds digit of 15323791?
7
What is the units digit of 723646?
6
What is the hundred thousands digit of 597966?
5
What is the units digit of 7209906?
6
What is the hundred thousands digit of 1236990?
2
What is the thousands digit of 93674?
3
What is the thousands digit of 299802?
9
What is the hundreds digit of 4209050?
0
What is the hundreds digit of 646327?
3
What is the thousands digit of 36584?
6
What is the hundreds digit of 2399581?
5
What is the hundreds digit of 204443?
4
What is the ten thousands digit of 7156811?
5
What is the units digit of 3905089?
9
What is the tens digit of 166783?
8
What is the thousands digit of 763286?
3
What is the units digit of 185270?
0
What is the hundreds digit of 310400?
4
What is the hundred thousands digit of 16471255?
4
What is the units digit of 81781?
1
What is the tens digit of 3155042?
4
What is the tens digit of 164846?
4
What is the tens digit of 17032343?
4
What is the thousands digit of 5227842?
7
What is the ten thousands digit of 135917?
3
What is the units digit of 771084?
4
What is the hundreds digit of 26378466?
4
What is the units digit of 1973291?
1
What is the thousands digit of 2347777?
7
What is the tens digit of 67773?
7
What is the tens digit of 250505?
0
What is the millions digit of 6346693?
6
What is the thousands digit of 3542344?
2
What is the thousands digit of 57864?
7
What is the thousands digit of 23875373?
5
What is the thousands digit of 25029147?
9
What is the hundreds digit of 1239548?
5
What is the thousands digit of 5545414?
5
What is the thousands digit of 192559?
2
What is the thousands digit of 5384037?
4
What is the thousands digit of 1410089?
0
What is the hundred thousands digit of 3207458?
2
What is the millions digit of 1824